*2 - 16*t + 11. Give u(15).
-4
Let n(y) = 2*y**2 - 40*y - 1. Calculate n(20).
-1
Let h(f) = 3*f - 20. Give h(-9).
-47
Let k(y) = -y**3 + 7*y**2 - 8*y - 6. Determine k(5).
4
Let g(s) = -s**3 + 15*s**2 + s - 18. Determine g(15).
-3
Let j(h) = -h**3 - 14*h**2 - 11*h + 16. What is j(-13)?
-10
Let m(h) = -31*h. What is m(1)?
-31
Let a(l) = 18*l. Give a(-1).
-18
Let p(n) = -3*n**2 - 52. Give p(0).
-52
Let x(j) = j**2 - 3*j - 174. Determine x(15).
6
Let s(r) = -r**3 + 9*r**2 - 14*r + 1. What is s(7)?
1
Let n(t) = -2*t**2 - 66*t + 7. Calculate n(-33).
7
Let q(l) = -l**3 + 7*l**2 - 4*l - 11. Give q(5).
19
Let z(x) = x**2 + 8*x - 1. Determine z(-8).
-1
Let r(p) = -p**3 + 15*p**2 - p + 9. What is r(15)?
-6
Let l(d) = d**2 + 7*d + 7. Calculate l(-5).
-3
Let j(g) = 21*g + 244. Determine j(-12).
-8
Let t(d) = d**2 + 7*d - 3. What is t(-6)?
-9
Let l(y) = -y**2 - 5*y + 12. Determine l(-6).
6
Let s(t) = t + 9. Calculate s(-6).
3
Let r(k) = -5*k + 30. Give r(5).
5
Let c(w) = w**3 + 23*w**2 + 59*w - 25. What is c(-20)?
-5
Let i(o) = o**2 + 16*o - 5. Determine i(-11).
-60
Let x(f) = -f**3 + 35*f**2 - 68*f + 64. What is x(33)?
-2
Let d(a) = -a + 7. What is d(-9)?
16
Let g(f) = -f**3 + 3*f**2 - 2*f - 2. What is g(3)?
-8
Let t(p) = p**2 - 9*p + 13. What is t(10)?
23
Let h(k) = 11*k - 1. Give h(1).
10
Let u(p) = p**3 + 8*p**2 + 3*p + 3. Determine u(-6).
57
Let a(y) = -4*y**2 - 6*y - 2. Determine a(-2).
-6
Let x(v) = 7*v. What is x(4)?
28
Let l(y) = 4*y - 48. Give l(12).
0
Let b(p) = -5*p - 23. Calculate b(-5).
2
Let l(q) = 10*q**2 - 11*q + 5. Determine l(0).
5
Let v(i) = i**3 - 7*i**2 + 5*i - 5. Determine v(6).
-11
Let i(w) = w**2 + 11*w + 4. Calculate i(-7).
-24
Let j(o) = -o**3 - 6*o**2 - 4. What is j(-5)?
-29
Let i(d) = 21*d + 10. What is i(3)?
73
Let m(p) = 13*p**2 + 2*p - 3. Calculate m(2).
53
Let y(l) = l**3 - 8*l**2 + 7*l. Give y(7).
0
Let z(t) = 4*t - 2. What is z(-2)?
-10
Let w(k) = -3*k**2 + 4*k + 8. Determine w(4).
-24
Let f(k) = 15*k + 42. Calculate f(-10).
-108
Let d(t) = t**3 + 10*t**2 + 15*t + 7. Calculate d(-8).
15
Let r(o) = -3*o + 9. What is r(5)?
-6
Let r(a) = -2*a**2 + 29*a + 92. What is r(17)?
7
Let x(y) = 2*y**2 - 6*y + 7. Determine x(3).
7
Let z(d) = 22*d + 1. Calculate z(-2).
-43
Let o(p) = -p**2 + 5*p + 5. What is o(7)?
-9
Let d(c) = -4*c**3 - 4*c**2 - 5*c - 6. What is d(-2)?
20
Let o(l) = 4*l + 30. What is o(-12)?
-18
Let x(c) = -2*c**3 + 10*c**2 + 14*c - 17. What is x(6)?
-5
Let r(g) = 33*g - 401. Give r(12).
-5
Let t(b) = b**3 + 19*b**2 + 21*b + 10. Determine t(-18).
-44
Let n(j) = -j**2 - 74*j - 536. Determine n(-8).
-8
Let x(y) = 13*y - 324. What is x(26)?
14
Let f(g) = g**3 + 2*g**2 - 1. What is f(-3)?
-10
Let g(f) = -f**3 - f**2 + f + 4. What is g(0)?
4
Let n(v) = v**2 - 16*v + 20. Give n(15).
5
Let t(u) = u**2 + 14*u + 15. Calculate t(-10).
-25
Let j(n) = n**3 + 6*n**2 - 6*n + 2. Determine j(-6).
38
Let d(k) = -2*k**2 - 2*k - 2. Determine d(-1).
-2
Let s(p) = p**2 + 2*p - 1. Determine s(3).
14
Let g(n) = n**3 + 8*n**2 - 7*n - 4. Calculate g(-9).
-22
Let t(l) = -6*l - 10. Give t(-9).
44
Let p(b) = b**3 - 5*b**2 - 2*b - 1. Determine p(4).
-25
Let l(n) = -2*n**2 - 4*n + 2. What is l(1)?
-4
Let x(w) = -w**3 + 3*w**2 - 3*w - 3. What is x(3)?
-12
Let n(g) = 10*g**2 + 31*g - 5. Give n(-3).
-8
Let t(f) = f**3 + 5*f**2 + f + 26. Give t(-6).
-16
Let u(w) = -w**3 + 9*w**2 + 10*w + 13. What is u(10)?
13
Let k(p) = -13*p - 19. Calculate k(4).
-71
Let d(t) = -8*t - 76. Determine d(-9).
-4
Let l(i) = 7*i + 1. Determine l(-1).
-6
Let o(y) = y**2 + 15*y - 47. Calculate o(-18).
7
Let t(g) = -g**3 + 22*g**2 - 42*g + 53. Give t(20).
13
Let u(y) = -y**2 + 3*y - 1. What is u(7)?
-29
Let i(k) = k**3 + 4*k**2 + 6*k + 1. Determine i(-4).
-23
Let p(x) = x**3 + x**2 + x + 18. What is p(0)?
18
Let b(l) = l**2 + 48*l - 267. What is b(-53)?
-2
Let c(j) = 12*j + 9. What is c(-4)?
-39
Let a(n) = -n**3 - 5*n**2 + 15*n + 2. Give a(-7).
-5
Let y(t) = -t**3 - 13*t**2 - 14*t - 6. Calculate y(-12).
18
Let w(c) = 77*c + 530. Calculate w(-7).
-9
Let g(k) = -2*k**2 + 28*k - 42. Determine g(12).
6
Let z(y) = 5*y**2 - y + 25. Determine z(0).
25
Let j(r) = -2*r**3 - 12*r**2 + 3*r + 12. What is j(-6)?
-6
Let a(q) = q**3 + 12*q**2 + q + 6. Calculate a(-12).
-6
Let k(z) = z - 10. What is k(-5)?
-15
Let h(y) = -y**3 + 9*y**2 + y - 9. Calculate h(9).
0
Let m(y) = y**3 + 8*y**2 - 5*y - 3. Calculate m(-8).
37
Let b(y) = -y**3 + y**2 + 28*y - 5. Give b(-5).
5
Let q(x) = x**3 - 2*x**2 + 8*x - 7. What is q(2)?
9
Let q(g) = g**3 + 5*g**2 - 7*g - 7. Calculate q(-6).
-1
Let h(b) = 4*b**2 + 10*b - 44. Give h(4).
60
Let q(i) = -11*i + 11. What is q(2)?
-11
Let n(g) = 34*g**2 - 1. Determine n(-1).
33
Let k(r) = -r - 11. Give k(-7).
-4
Let s(f) = 5*f + 2. What is s(-2)?
-8
Let d(m) = 3*m + 18. Give d(-5).
3
Let d(k) = -k**3 + 7*k**2 - 3*k - 5. Determine d(6).
13
Let c(t) = -t**3 + 7*t**2 + 2*t - 10. What is c(7)?
4
Let n(r) = 6*r**2 - 2*r - 2. Calculate n(2).
18
Let b(i) = 10*i**2 - 2*i - 6. Calculate b(-2).
38
Let m(l) = -l**2 + 20*l - 1. What is m(20)?
-1
Let h(l) = -2*l - 8. Determine h(-11).
14
Let b(x) = 5*x - 28. What is b(7)?
7
Let i(s) = -s**3 + 12*s**2 - 3*s + 18. Determine i(12).
-18
Let h(q) = -q**2 - 2*q - 30. Give h(0).
-30
Let l(h) = -3*h**3 - 2*h**2 + 2*h - 1. Determine l(1).
-4
Let q(s) = -s**3 + 6*s**2 + 4*s + 6. Determine q(7).
-15
Let i(x) = x**3 + 36*x**2 - 2*x - 98. What is i(-36)?
-26
Let l(j) = -j + 11. Calculate l(21).
-10
Let i(x) = x - 16. Give i(0).
-16
Let y(j) = -j**2 - 5*j + 75. Give y(-11).
9
Let t(z) = -z**2 + 6*z - 5. Determine t(5).
0
Let a(g) = -4*g**3 + 2*g**2 - 4*g + 2. Determine a(1).
-4
Let z(w) = -w**3 + w**2 + 5*w - 3. What is z(3)?
-6
Let s(z) = z**2 - 4*z - 8. Determine s(8).
24
Let t(z) = -z + 6. What is t(9)?
-3
Let j(v) = -v**3 - 12*v**2 - 12*v + 2. What is j(-11)?
13
Let y(f) = f**3 + f**2 - 2*f - 3. Give y(2).
5
Let g(z) = 2*z**3 - 11*z**2 - 9*z + 20. Give g(6).
2
Let q(d) = d**2 - 10*d + 27. Give q(4).
3
Let p(v) = -5*v - 12. Determine p(-4).
8
Let x(c) = c + 2. Give x(6).
8
Let b(w) = -23*w + 5. Give b(7).
-156
Let h(l) = -7*l + 8. Determine h(2).
-6
Let j(z) = -3*z - 2. Give j(6).
-20
Let t(p) = p**2 - 24*p - 291. Calculate t(-9).
6
Let n(j) = 18*j - 3. Calculate n(1).
15
Let n(o) = o**3 + 8*o**2 - 4*o - 7. What is n(-8)?
25
Let g(q) = -38*q - 639. Determine g(-17).
7
Let h(d) = -d**3 + 5*d**2 + 6*d - 8. Calculate h(6).
-8
Let u(x) = -x**2 + 25*x + 444. Give u(-12).
0
Let k(v) = v - 5. Give k(6).
1
Let w(m) = -7*m + 1. Give w(-4).
29
Let i(r) = r**3 + 14*r**2 + 17*r + 51. Give i(-13).
-1
Let y(j) = j**2 - 13*j + 12. Determine y(14).
26
Let j(c) = -c**2 - 20*c - 72. Determine j(-6).
12
Let z(o) = -o**2 - 9*o + 6. Determine z(-11).
-16
Let v(b) = -b**3 + 25*b**2 - 31*b + 37. Give v(24).
-131
Let o(z) = -2*z + 10. Determine o(4).
2
Let k(f) = 4*f + 2. Determine k(-3).
-10
Let z(x) = x**3 + 7*x**2 + 12*x + 6. Determine z(-6).
-30
Let z(p) = 2*p - 2. Determine z(-8).
-18
Let m(h) = -h**3 - 7*h**2 + 10*h + 11. What is m(-8)?
-5
Let r(d) = 46*d + 90. Determine r(-2).
-2
Let k(m) = -2*m + 10. Calculate k(3).
4
Let z(o) = o**2 + 8*o + 12. Calculate z(-7).
5
Let u(p) = -p**3 + p**2 - 2*p - 45. What is u(0)?
-45
Let g(w) = -w**2 - 10*w + 11. Calculate g(-10).
11
Let k(o) = 8*o**2 - o - 2. Give k(-3).
73
Let q(o) = 7*o - 16. Give q(3).
5
Let a(m) = m**2 + 8*m + 7. What is a(-7)?
0
Let o(s) = -s**2 - 8*s + 61. Calculate o(-13).
-4
Let a(s) = s**2 + 7*s - 43. Give a(-10).
-13
Let n(l) = -l**3 - 9*l**2 - 9*l - 10. Give n(-9).
71
Let v(i) = i**3 - 9*i**2 - 24*i + 14. Determine v(11).
-8
Let f(w) = -19*w**3 - 3*w**2 + w + 1. What is f(1)?
-20
Let v(q) = 3*q - 3. What is v(8)?
21
Let l(j) = -13*j**2 - 5*j - 2. Determine l(-3).
-104
Let h(q) = 28*q + 16. Calculate h(-2).
-40
Let z(u) = u**2 + 20*u - 257. Calculate z(9).
4
Let p(g) = g**2 + 21*g + 48. Calculate p(-20).
28
Let u(h) = 109*h + 3. What is u(-1)?
-106
Let c(z) = -z**3 - 9*z**2 - 6*z + 18. Determine c(-8).
2
Let s(l) = -l**2 - 33*l + 9. Give s(-33).
9
Let n(r) = -r**2 - r + 2. What is n(-3)?
-4
Let b(j) = j**3 - 7*j**2 + 5*j + 10. Give b(6).
4
Let u(g) = g**3 - g**2 + 3*g + 2. What is u(-3)?
-43
Let s(u) = u - 7. Determine s(9).
2
Let h(b) = b**3 + b + 6. Give h(0).
6
Let t(m) = -2*m - 47. Give t(-